 is -522 + 232?
-270
In base 6, what is 1301421 + -31?
1301350
In base 8, what is 370 + 4352?
4742
In base 14, what is 4c1c1 + 5?
4c1c6
In base 15, what is d8db - 2?
d8d9
In base 6, what is 50105 + -1233?
44432
In base 9, what is 25 + -220507?
-220472
In base 6, what is 0 + -123300?
-123300
In base 7, what is -1 + -106162?
-106163
In base 4, what is -130 + 2301213?
2301023
In base 10, what is -164 - -11517?
11353
In base 13, what is -3 + -1ca2?
-1ca5
In base 9, what is -17344 + 418?
-16825
In base 3, what is 10011111020212 - 10?
10011111020202
In base 2, what is 10 - 1000001001?
-1000000111
In base 4, what is 3 + 1012233?
1012302
In base 8, what is 4752 + 16?
4770
In base 11, what is -230 + 7?
-224
In base 13, what is 1817b3 + 4?
1817b7
In base 2, what is -1101 - -1010101110000?
1010101100011
In base 16, what is -aa3a + 6?
-aa34
In base 15, what is -300d + -8?
-3016
In base 16, what is 4 - -1fdaf?
1fdb3
In base 12, what is b71 + -1a2?
98b
In base 8, what is 4 + -57376?
-57372
In base 4, what is -10 - 10221210?
-10221220
In base 16, what is 5 + -87d7?
-87d2
In base 16, what is 44 + 464?
4a8
In base 15, what is 4ebcee + 4?
4ebd03
In base 6, what is -1052 + -13422?
-14514
In base 2, what is -101011001 + -1100101010010?
-1101010101011
In base 4, what is 0 - -1211230?
1211230
In base 2, what is -1 + -1001010111?
-1001011000
In base 5, what is -223010 - -132?
-222323
In base 2, what is -11100 - -1000011010001?
1000010110101
In base 9, what is -4 + 805?
801
In base 13, what is 2c332b + -4?
2c3327
In base 4, what is -13 - 330022232?
-330022311
In base 15, what is -94 - -179?
d5
In base 5, what is 14414043 + 0?
14414043
In base 10, what is -1 - -81423?
81422
In base 5, what is 3 - 1000300?
-1000242
In base 2, what is 100010111111001100 - -11?
100010111111001111
In base 3, what is 2121220222210 + 0?
2121220222210
In base 8, what is 15425732 - 4?
15425726
In base 10, what is -2033 - 166?
-2199
In base 5, what is 10320301 - -1?
10320302
In base 10, what is -3924 + 52?
-3872
In base 2, what is -1001000 + 11100100010?
11011011010
In base 8, what is -60305 - 3?
-60310
In base 9, what is -100628 - 6?
-100635
In base 14, what is -5 + 17a232?
17a22b
In base 14, what is 2 + -604bc?
-604ba
In base 11, what is -8 + 51143?
51136
In base 10, what is -120 + 244?
124
In base 5, what is -233323 + 22?
-233301
In base 12, what is -8889 + -13?
-88a0
In base 9, what is 61511 - -5?
61516
In base 3, what is -10 - 2100121211?
-2100121221
In base 15, what is 3 - 103c4?
-103c1
In base 11, what is 34 - 411?
-388
In base 11, what is -a + 669?
65a
In base 5, what is 0 + -2314123?
-2314123
In base 16, what is -4 + 2779?
2775
In base 2, what is 100110001111 - 1010110?
100100111001
In base 8, what is 15713 + 467?
16402
In base 5, what is 342400340 + -1?
342400334
In base 11, what is -7 - -120911?
120905
In base 8, what is -4 + 62177?
62173
In base 9, what is -4 + -25052?
-25056
In base 10, what is 159 - 384?
-225
In base 15, what is 21cc - -1a2?
237e
In base 3, what is 12 - -12222102?
12222121
In base 5, what is 432223 + 3?
432231
In base 15, what is 54 + -731?
-6cc
In base 15, what is -7944c + 5?
-79447
In base 3, what is -12111112110221 + -11?
-12111112111002
In base 7, what is -5360 - 44?
-5434
In base 10, what is -20527 + -204?
-20731
In base 11, what is -93 + -42?
-125
In base 14, what is -5 + 2b497?
2b492
In base 11, what is -2 - 7369a0?
-7369a2
In base 3, what is 212122010 - 10211?
212111022
In base 15, what is a5a - 350?
70a
In base 13, what is -cb83 + 0?
-cb83
In base 3, what is -111021020222 + -21?
-111021021020
In base 7, what is -155406 - 4?
-155413
In base 16, what is 2d8 - -96?
36e
In base 11, what is 4 + 58208?
58211
In base 7, what is -1404 + 51215?
46511
In base 15, what is 4bd + -5?
4b8
In base 10, what is -8761 - -67?
-8694
In base 9, what is -117306 - 3?
-117310
In base 8, what is 5 - -1170610?
1170615
In base 2, what is -101 + 101110100111011111100?
101110100111011110111
In base 2, what is -11110101111000000100 - 101?
-11110101111000001001
In base 2, what is 1010101 + 110011010001101?
110011011100010
In base 14, what is 252d - -50?
257d
In base 16, what is -b - 1c7?
-1d2
In base 10, what is 5 + -17677?
-17672
In base 3, what is 2110 - 10001221?
-2222111
In base 9, what is -8815620 - 2?
-8815622
In base 15, what is -1b99 + -2?
-1b9b
In base 14, what is -8 - -23c07?
23bdd
In base 10, what is -1739 + -18?
-1757
In base 12, what is -244b4 - -11?
-244a3
In base 7, what is 124200 + 4?
124204
In base 7, what is 50 + -56023?
-55643
In base 15, what is -2 - 32a7?
-32a9
In base 8, what is 3464 - 575?
2667
In base 8, what is 1 + 754277?
754300
In base 3, what is -1012000 + 1?
-1011222
In base 11, what is -9338 - -15?
-9323
In base 2, what is 10 + -1100011110000111011?
-1100011110000111001
In base 16, what is 7 + f23?
f2a
In base 11, what is a29 + -15?
a14
In base 10, what is -183673 + 0?
-183673
In base 13, what is 3b368 + -2?
3b366
In base 9, what is -2 - 1304701?
-1304703
In base 14, what is 27c + 70d?
98b
In base 9, what is -54 + 1226?
1162
In base 11, what is 1a10 + 56?
1a66
In base 10, what is -2 + -547030?
-547032
In base 3, what is 1 - -2002212122?
2002212200
In base 2, what is -1001100101011100100 + 100?
-1001100101011100000
In base 7, what is 2 - -1022?
1024
In base 10, what is -4 + -660739?
-660743
In base 15, what is -1bb - -112?
-a9
In base 16, what is 248 - -6f?
2b7
In base 6, what is -1012153 - 4?
-1012201
In base 3, what is -201012221021 + -1?
-201012221022
In base 16, what is -d237 + 2?
-d235
In base 9, what is -541041 - -2?
-541038
In base 7, what is -5 - 4164?
-4202
In base 6, what is 0 + 333503?
333503
In base 7, what is -151 - 2?
-153
In base 16, what is 1 + 99a87?
99a88
In base 12, what is 2 - -65674?
65676
In base 13, what is 0 + -52ab?
-52ab
In base 5, what is 41 - -31302?
31343
In base 11, what is -67 - -1110?
1054
In base 4, what is 1021 + -2130?
-1103
In base 11, what is 7 - -34676?
34682
In base 2, what is 100100110110000000 + 1?
100100110110000001
In base 10, what is -111 + 451?
340
In base 10, what is -23 + 1429?
1406
In base 10, what is -6 - 18311?
-18317
In base 3, what is -112122 + 2202102?
2012210
In base 3, what is 1012121011 + -21?
1012120220
In base 6, what is -32355244 + -4?
-32355252
In base 10, what is -19529 + 4?
-19525
In base 10, what is 812823 - 1?
812822
In base 9, what is -6 - 4550?
-4556
In base 2, what is 100 - 1000011010101100?
-1000011010101000
In base 7, what is -11 - 4532560?
-4532601
In base 7, what is 3 + 234235?
234241
In base 12, what is 3540 - 43?
34b9
In base 6, what is -150 + 40014?
35424
In base 9, what is -615548 - -23?
-615525
In base 14, what is 7b814 + 5?
7b819
In base 15, what is -2c + 7125?
70e8
In base 10, what is -10210 - 121?
-10331
In base 7, what is 3321001 - 3?
3320665
In base 14, what is a - -159a?
15a6
In base 15, what is 5 + -4917?
-4912
In base 12, what is -567 + -31?
-598
In base 12, what is 16 + a2a5?
a2bb
In base 11, what is -5 + -4aa31?
-4aa36
In base 2, what is 11011000 - -111010100?
1010101100
In base 5, what is 2023 + -1102?
421
In base 15, what is -5 + -52e6d?
-52e73
In base 4, what is -11 + -112130012?
-112130023
In base 7, what is 34606416 + 1?
34606420
In base 6, what is 211 + 30?
241
In base 15, what is -213e - 8?
-2147
In base 12, what is -62b4 + 25?
-628b
In base 8, what is -12013 + -10?
-12023
In base 6, what is 3 + -142424?
-142421
In base 13, what is -368071 + -3?
-368074
In base 4, what is -2113 - 3121011?
-3123130
In base 10, what is -2050 + 12?
-2038
In base 8, what is 2 - 5441?
-5437
In base 2, what is 10010110101011010 + 10?
10010110101011100
In base 13, what is -7bb - 11a?
-908
In base 5, what is -313141 + 3?
-313133
In base 14, what is 1 + -5d59?
-5d58
In base 11, what is -1 - a0065?
-a0066
In base 15, what is -30 + -8e4?
-924
In base 16, what is 7edb + -5?
7ed6
In base 13, what is 2a - -30145?
30172
In base 6, what is -24 - -2250?
2222
In base 13, what is -119 + 1304?
11b8
In base 10, what is 3 + 30298?
30301
In base 7, what is 16511 - -1121?
20632
In base 11, what is -2 - -12573?
12571
In base 11, what is -29430 - 3?
-29433
In base 14, what is -8585 - -2?
-8583
In base 14, what is 1c9 - -85?
270
In base 2, what is 111110111001000000 - 100?
111110111000111100
In base 12,